{"id":22,"date":"2020-11-28T02:31:56","date_gmt":"2020-11-28T02:31:56","guid":{"rendered":"http:\/\/valelanutri.com\/?page_id=22"},"modified":"2025-06-18T06:26:25","modified_gmt":"2025-06-18T06:26:25","slug":"servicios","status":"publish","type":"page","link":"https:\/\/valelanutri.com\/?page_id=22","title":{"rendered":"Servicios"},"content":{"rendered":"\n<section id=\"section-60e7ae02-fb87-4531-8492-eafdd1d97f09\" class=\"wp-block-gutentor-image-slider gutentor-section gutentor-image-slider imageSlider-template1\"><div class=\"gutentor-grid-item-wrap\"><div class=\"gutentor-slider-wrapper\" data-dots=\"true\" data-arrows=\"true\" data-infinite=\"false\" data-nextarrow=\"fas fa-angle-right\" data-prevarrow=\"fas fa-angle-left\" data-autoplay=\"true\" data-autoplayspeed=\"2000\" data-fade=\"false\" data-speed=\"1200\"><div class=\"gutentor-slider-item\"><div class=\"gutentor-single-item gutentor-single-item-0\"><div class=\"gutentor-single-item-wrap\"><div class=\"gutentor-single-item-image-box\"><div class=\"gutentor-bg-image\"><div class=\"overlay\"><\/div><\/div><\/div><div class=\"gutentor-single-item-content\"><div class=\"grid-container\"><div class=\"slider-caption text-center\"><h3 class=\"gutentor-single-item-title\">Lo importante es el interior<\/h3><p class=\"gutentor-single-item-desc\">No busqu\u00e9s solo verte bien por fuera, <br>una nutrici\u00f3n balanceada es clave para ser saludable.<\/p><\/div><\/div><\/div><\/div><\/div><\/div><div class=\"gutentor-slider-item\"><div class=\"gutentor-single-item gutentor-single-item-1\"><div class=\"gutentor-single-item-wrap\"><div class=\"gutentor-single-item-image-box\"><div class=\"gutentor-bg-image\"><div class=\"overlay\"><\/div><\/div><\/div><div class=\"gutentor-single-item-content\"><div class=\"grid-container\"><div class=\"slider-caption text-center\"><h3 class=\"gutentor-single-item-title\">Complement\u00e1 con ejercicio<\/h3><p class=\"gutentor-single-item-desc\">Una rutina de ejercicio frecuente, <br>te va a ayudar a alcanzar tu mejor versi\u00f3n.<\/p><\/div><\/div><\/div><\/div><\/div><\/div><\/div><\/div><\/section>\n\n\n\n<section id=\"section-c19157cc-c72a-40f1-97c8-fc42a16a86f0\" class=\"wp-block-gutentor-about-block gutentor-section gutentor-about about-template4\"><div class=\"grid-container\"><div class=\"gutentor-grid-item-wrap\"><div class=\"gutentor-single-item\"><div class=\"grid-row\"><div class=\"grid-md-6 about-grid\"><div class=\"gutentor-single-item-content\"><div class=\"gutentor-about-content\"><h3 class=\"gutentor-single-item-title\">\u00bfQu\u00e9 hacemos los nutricionistas?<\/h3><p class=\"gutentor-single-item-desc\">Brindamos asesor\u00eda\u00a0<strong>nutricional<\/strong>\u00a0personalizada, para fomentar buenos h\u00e1bitos alimenticios en los pacientes y evitar riesgos en su salud, as\u00ed como prevenir y controlar enfermedades relacionadas con el sobrepeso y la obesidad.<br><\/p><\/div><\/div><\/div><div class=\"grid-md-6 about-grid\"><div class=\"gutentor-single-item-image-box\"><div class=\"gutentor-image-thumb\"><img loading=\"lazy\" decoding=\"async\" class=\"normal-image\" src=\"http:\/\/valelanutri.com\/wp-content\/uploads\/2020\/12\/healthy-young-asian-runner-woman-warm-up-the-body-stretching-before-exercise-scaled.jpg\" alt=\"\" height=\"1707\" width=\"2560\"\/><\/div><\/div><\/div><\/div><\/div><\/div><\/div><\/section>\n\n\n\n<section id=\"section-56aa603d-2dc9-4c7c-ae06-d4e788c469a4\" class=\"wp-block-gutentor-icon-box gutentor-section gutentor-icon-wrapper icon-template1 has-color-bg has-custom-bg\"><div class=\"grid-container\"><div class=\"gutentor-block-header\"><div class=\"gutentor-section-title text-center\"><h2 class=\"gutentor-title\">Vale la Nutri, te ofrece<\/h2><\/div><\/div><div class=\"grid-row gutentor-grid-item-wrap\"><div class=\"gutentor-grid-column grid-lg-4 grid-md-4 grid-12\"><div class=\"gutentor-single-item gutentor-icon gutentor-single-item-0\"><div class=\"gutentor-single-item-wrap\"><div class=\"gutentor-single-item-icon-box\"><i class=\"fas fa-balance-scale\"><\/i><\/div><div class=\"gutentor-single-item-content\"><h3 class=\"gutentor-single-item-title\">Plan nutricional personalizado<\/h3><p class=\"gutentor-single-item-desc\">Cada persona es diferente, y as\u00ed cambian sus rutinas y necesidades nutricionales. Me gusta dar un trato 100% personalizado.<\/p><\/div><\/div><\/div><\/div><div class=\"gutentor-grid-column grid-lg-4 grid-md-4 grid-12\"><div class=\"gutentor-single-item gutentor-icon gutentor-single-item-1\"><div class=\"gutentor-single-item-wrap\"><div class=\"gutentor-single-item-icon-box\"><i class=\"fas fa-dumbbell\"><\/i><\/div><div class=\"gutentor-single-item-content\"><h3 class=\"gutentor-single-item-title\">Nutrici\u00f3n deportiva<\/h3><p class=\"gutentor-single-item-desc\">Para ayudarte a alcanzar esas metas y objetivos, te acompa\u00f1o y te ayudo a hacer los ajustes necesarios.<\/p><\/div><\/div><\/div><\/div><div class=\"gutentor-grid-column grid-lg-4 grid-md-4 grid-12\"><div class=\"gutentor-single-item gutentor-icon gutentor-single-item-2\"><div class=\"gutentor-single-item-wrap\"><div class=\"gutentor-single-item-icon-box\"><i class=\"fas fa-chalkboard-teacher\"><\/i><\/div><div class=\"gutentor-single-item-content\"><h3 class=\"gutentor-single-item-title\">Alimentaci\u00f3n emocional<\/h3><p class=\"gutentor-single-item-desc\">Las emociones influyen mucho en nuestra forma de comer, quiero ayudarte a volverte consciente de c\u00f3mo est\u00e1s comiendo, y lograr comer para tener salud emocional.<\/p><\/div><\/div><\/div><\/div><div class=\"gutentor-grid-column grid-lg-4 grid-md-4 grid-12\"><div class=\"gutentor-single-item gutentor-icon gutentor-single-item-3\"><div class=\"gutentor-single-item-wrap\"><div class=\"gutentor-single-item-icon-box\"><i class=\"fas fa-female\"><\/i><\/div><div class=\"gutentor-single-item-content\"><h3 class=\"gutentor-single-item-title\">Acompa\u00f1amiento nutricional en el embarazo<\/h3><p class=\"gutentor-single-item-desc\">El embarazo es un momento clave en la vida de una mujer y del beb\u00e9 que lleva dentro. Te acompa\u00f1o y asesoro en esta dulce espera para que ambos se mantengan saludables.<\/p><\/div><\/div><\/div><\/div><div class=\"gutentor-grid-column grid-lg-4 grid-md-4 grid-12\"><div class=\"gutentor-single-item gutentor-icon gutentor-single-item-4\"><div class=\"gutentor-single-item-wrap\"><div class=\"gutentor-single-item-icon-box\"><i class=\"fas fa-user\"><\/i><\/div><div class=\"gutentor-single-item-content\"><h3 class=\"gutentor-single-item-title\">Plan wellness para empresas<\/h3><p class=\"gutentor-single-item-desc\">La productividad est\u00e1 directamente relacionada con la salud f\u00edsica y mental de las personas. Si sus colaboradores se sienten bien, har\u00e1n mucho mejor su trabajo.<\/p><\/div><\/div><\/div><\/div><\/div><\/div><\/section>\n\n\n\n<section id=\"section-b257728e-4607-4c05-a3a6-e90b635f687c\" class=\"wp-block-gutentor-pricing gutentor-section pricing-wrapper pricing-template1\"><div class=\"grid-container\"><div class=\"gutentor-block-header\"><div class=\"gutentor-section-title text-center\"><h2 class=\"gutentor-title\">Tarifas de consulta inicial<\/h2><\/div><\/div><div class=\"grid-row gutentor-grid-item-wrap\"><div class=\"gutentor-grid-column grid-lg-4 grid-md-4 grid-12\"><div class=\"gutentor-single-item pricing gutentor-single-item-0\"><div class=\"gutentor-single-item-content\"><div class=\"pricing-header\"><p class=\"gutentor-single-item-subtitle\"><\/p><h3 class=\"gutentor-single-item-title\">Consulta individual<\/h3><\/div><span class=\"pricing-amount-wrap\"><span class=\"pricing-amount\"><span class=\"gutentor-single-item-price-symbol\">\u00a2<\/span><span class=\"pricing-price\">40,000<\/span><span class=\"gutentor-single-item-pricing-package\">\/pp\/<\/span><\/span><\/span><div class=\"pricing-content\"><p class=\"gutentor-single-item-desc\">Consulta nutricional<br>Plan nutricional<br>Medici\u00f3n inbody (presencial)<br>Una hora de consulta<\/p><\/div><a class=\"gutentor-button gutentor-single-item-button gutentor-icon-hide\" href=\"https:\/\/wa.me\/50688563232\"><i class=\"gutentor-button-icon fas fa-book\"><\/i><span>SOLICITAR<\/span><\/a><\/div><\/div><\/div><div class=\"gutentor-grid-column grid-lg-4 grid-md-4 grid-12\"><div class=\"gutentor-single-item pricing gutentor-single-item-1\"><div class=\"gutentor-single-item-content\"><div class=\"pricing-header\"><p class=\"gutentor-single-item-subtitle\"><\/p><h3 class=\"gutentor-single-item-title\">Consulta en pareja<\/h3><\/div><span class=\"pricing-amount-wrap\"><span class=\"pricing-amount\"><span class=\"gutentor-single-item-price-symbol\">\u00a2<\/span><span class=\"pricing-price\">36,000<\/span><span class=\"gutentor-single-item-pricing-package\">\/pp\/<\/span><\/span><\/span><div class=\"pricing-content\"><p class=\"gutentor-single-item-desc\">Consulta nutricional<br>Plan nutricional<br>Medici\u00f3n inbody<br>Una hora de consulta<br>Precio por persona<\/p><\/div><a class=\"gutentor-button gutentor-single-item-button gutentor-icon-hide\" href=\"https:\/\/wa.me\/50688563232\"><i class=\"gutentor-button-icon fas fa-book\"><\/i><span>SOLICITAR<\/span><\/a><\/div><\/div><\/div><div class=\"gutentor-grid-column grid-lg-4 grid-md-4 grid-12\"><div class=\"gutentor-single-item pricing gutentor-single-item-2\"><div class=\"gutentor-single-item-content\"><div class=\"pricing-header\"><p class=\"gutentor-single-item-subtitle\"><\/p><h3 class=\"gutentor-single-item-title\">Consulta virtual<\/h3><\/div><span class=\"pricing-amount-wrap\"><span class=\"pricing-amount\"><span class=\"gutentor-single-item-price-symbol\">\u00a2<\/span><span class=\"pricing-price\">36,000<\/span><span class=\"gutentor-single-item-pricing-package\">\/pp\/<\/span><\/span><\/span><div class=\"pricing-content\"><p class=\"gutentor-single-item-desc\">Consulta nutricional <br>Plan nutricional individual<br>Medici\u00f3n en balanza del cliente<br>Una hora de consulta<\/p><\/div><a class=\"gutentor-button gutentor-single-item-button gutentor-icon-hide\" href=\"https:\/\/wa.me\/50688563232\"><i class=\"gutentor-button-icon fas fa-book\"><\/i><span>SOLICITAR<\/span><\/a><\/div><\/div><\/div><\/div><\/div><\/section>\n\n\n\n<section id=\"section-5d623192-2b4d-4cb7-bd27-22fd995bff97\" class=\"wp-block-gutentor-pricing gutentor-section pricing-wrapper pricing-template1\"><div class=\"grid-container\"><div class=\"gutentor-block-header\"><div class=\"gutentor-section-title text-center\"><h2 class=\"gutentor-title\">Tarifas de consulta de seguimiento<\/h2><\/div><\/div><div class=\"grid-row gutentor-grid-item-wrap\"><div class=\"gutentor-grid-column grid-lg-4 grid-md-4 grid-12\"><div class=\"gutentor-single-item pricing gutentor-single-item-0\"><div class=\"gutentor-single-item-content\"><div class=\"pricing-header\"><p class=\"gutentor-single-item-subtitle\"><\/p><h3 class=\"gutentor-single-item-title\">Consulta individual<\/h3><\/div><span class=\"pricing-amount-wrap\"><span class=\"pricing-amount\"><span class=\"gutentor-single-item-price-symbol\">\u00a2<\/span><span class=\"pricing-price\">32,000<\/span><span class=\"gutentor-single-item-pricing-package\">\/pp\/<\/span><\/span><\/span><div class=\"pricing-content\"><p class=\"gutentor-single-item-desc\">Consulta nutricional<br>Plan nutricional<br>Medici\u00f3n inbody (presencial)<br>Una hora de consulta<\/p><\/div><a class=\"gutentor-button gutentor-single-item-button gutentor-icon-hide\" href=\"https:\/\/wa.me\/50688563232\"><i class=\"gutentor-button-icon fas fa-book\"><\/i><span>SOLICITAR<\/span><\/a><\/div><\/div><\/div><div class=\"gutentor-grid-column grid-lg-4 grid-md-4 grid-12\"><div class=\"gutentor-single-item pricing gutentor-single-item-1\"><div class=\"gutentor-single-item-content\"><div class=\"pricing-header\"><p class=\"gutentor-single-item-subtitle\"><\/p><h3 class=\"gutentor-single-item-title\">Consulta en pareja<\/h3><\/div><span class=\"pricing-amount-wrap\"><span class=\"pricing-amount\"><span class=\"gutentor-single-item-price-symbol\">\u00a2<\/span><span class=\"pricing-price\">27,500<\/span><span class=\"gutentor-single-item-pricing-package\">\/pp\/<\/span><\/span><\/span><div class=\"pricing-content\"><p class=\"gutentor-single-item-desc\">Consulta nutricional<br>Plan nutricional<br>Medici\u00f3n inbody<br>Una hora de consulta<br>Precio por persona<\/p><\/div><a class=\"gutentor-button gutentor-single-item-button gutentor-icon-hide\" href=\"https:\/\/wa.me\/50688563232\"><i class=\"gutentor-button-icon fas fa-book\"><\/i><span>SOLICITAR<\/span><\/a><\/div><\/div><\/div><div class=\"gutentor-grid-column grid-lg-4 grid-md-4 grid-12\"><div class=\"gutentor-single-item pricing gutentor-single-item-2\"><div class=\"gutentor-single-item-content\"><div class=\"pricing-header\"><p class=\"gutentor-single-item-subtitle\"><\/p><h3 class=\"gutentor-single-item-title\">Consulta virtual<\/h3><\/div><span class=\"pricing-amount-wrap\"><span class=\"pricing-amount\"><span class=\"gutentor-single-item-price-symbol\">\u00a2<\/span><span class=\"pricing-price\">30,000<\/span><span class=\"gutentor-single-item-pricing-package\">\/pp\/<\/span><\/span><\/span><div class=\"pricing-content\"><p class=\"gutentor-single-item-desc\">Consulta nutricional <br>Plan nutricional individual<br>Medici\u00f3n en balanza del cliente<br>Una hora de consulta<\/p><\/div><a class=\"gutentor-button gutentor-single-item-button gutentor-icon-hide\" href=\"https:\/\/wa.me\/50688563232\"><i class=\"gutentor-button-icon fas fa-book\"><\/i><span>SOLICITAR<\/span><\/a><\/div><\/div><\/div><\/div><\/div><\/section>\n\n\n\n<section id=\"section-d36c8bd9-e5a2-4275-9420-66100cbdb8d5\" class=\"wp-block-gutentor-call-to-action gutentor-section  gutentor-calltoaction call-to-action-template3 has-image-bg has-custom-bg has-gutentor-overlay\"><div class=\"grid-container\"><div class=\"gutentor-grid-item-wrap\"><div class=\"gutentor-single-item\"><div class=\"gutentor-single-item-content\"><h3 class=\"gutentor-single-item-title\">Dej\u00e1 tu zona de comfort<\/h3><div class=\"gutentor-single-item-desc\"><p class=\"gutentor-single-item-desc\">Y conoce a tu mejor versi\u00f3n<\/p><\/div><div class=\"gutentor-button-group\"><a class=\"gutentor-button gutentor-single-item-button gutentor-icon-hide\" href=\"https:\/\/wa.me\/50688563232\"><i class=\"gutentor-button-icon fas fa-book\"><\/i><span>AGENDAR CONSULTA<\/span><\/a><\/div><\/div><\/div><\/div><\/div><\/section>\n\n\n\n<div style=\"height:100px\" aria-hidden=\"true\" class=\"wp-block-spacer\"><\/div>\n","protected":false},"excerpt":{"rendered":"","protected":false},"author":1,"featured_media":0,"parent":0,"menu_order":0,"comment_status":"closed","ping_status":"closed","template":"template-gutentor-full-width.php","meta":{"spay_email":"","footnotes":""},"_links":{"self":[{"href":"https:\/\/valelanutri.com\/index.php?rest_route=\/wp\/v2\/pages\/22"}],"collection":[{"href":"https:\/\/valelanutri.com\/index.php?rest_route=\/wp\/v2\/pages"}],"about":[{"href":"https:\/\/valelanutri.com\/index.php?rest_route=\/wp\/v2\/types\/page"}],"author":[{"embeddable":true,"href":"https:\/\/valelanutri.com\/index.php?rest_route=\/wp\/v2\/users\/1"}],"replies":[{"embeddable":true,"href":"https:\/\/valelanutri.com\/index.php?rest_route=%2Fwp%2Fv2%2Fcomments&post=22"}],"version-history":[{"count":12,"href":"https:\/\/valelanutri.com\/index.php?rest_route=\/wp\/v2\/pages\/22\/revisions"}],"predecessor-version":[{"id":297,"href":"https:\/\/valelanutri.com\/index.php?rest_route=\/wp\/v2\/pages\/22\/revisions\/297"}],"wp:attachment":[{"href":"https:\/\/valelanutri.com\/index.php?rest_route=%2Fwp%2Fv2%2Fmedia&parent=22"}],"curies":[{"name":"wp","href":"https:\/\/api.w.org\/{rel}","templated":true}]}}